omposite?
False
Is 19333571 a prime number?
False
Is 5035421 composite?
False
Is 138551113 prime?
True
Is 4853171 a composite number?
False
Is 387643 a composite number?
True
Is 17171197 a composite number?
True
Is 21762497 a composite number?
False
Is 18824851 composite?
False
Is 3442217 a prime number?
True
Is 14383067 a composite number?
False
Is 13382903 a composite number?
False
Is 223224091 a prime number?
True
Is 559583201 composite?
True
Is 1082555015 a composite number?
True
Is 7775111 a composite number?
True
Is 33251077 a prime number?
False
Is 238495 composite?
True
Is 1449568145 composite?
True
Is 1013547671 a prime number?
False
Is 27404915 a composite number?
True
Is 1646941 composite?
True
Is 528817 prime?
False
Is 18072859 composite?
True
Is 81171323 a prime number?
True
Is 3981647 a composite number?
False
Is 1699993 a prime number?
True
Is 395639539 a prime number?
True
Is 5946359 a composite number?
True
Is 89545457 prime?
True
Is 6938821 prime?
True
Is 91594091 composite?
False
Is 245354039 composite?
True
Is 6059357 composite?
True
Is 316081973 composite?
False
Is 5202007 a composite number?
True
Is 15319349 prime?
False
Is 4891961 a composite number?
False
Is 2160197 a composite number?
True
Is 11997839 prime?
False
Is 5314571 composite?
False
Is 7317977 a prime number?
True
Is 3871519 prime?
False
Is 25129091 composite?
True
Is 12300637 prime?
True
Is 84180821 composite?
True
Is 7352887 prime?
False
Is 29585879 a composite number?
False
Is 32364179 prime?
True
Is 6794539 a prime number?
True
Is 5410537 a prime number?
False
Is 44335549 prime?
False
Is 1778765 a prime number?
False
Is 289887713 a composite number?
False
Is 43031635 a prime number?
False
Is 871519 composite?
True
Is 42241211 prime?
True
Is 1489827 prime?
False
Is 10090657 prime?
False
Is 13938671 composite?
False
Is 11634071 composite?
False
Is 12237659 a prime number?
False
Is 10962817 a composite number?
True
Is 1308521 a prime number?
True
Is 14769199 prime?
True
Is 4232777 prime?
True
Is 17206109 a composite number?
False
Is 17104747 a prime number?
False
Is 11438179 prime?
True
Is 216061 composite?
False
Is 10922578 prime?
False
Is 50044747 a prime number?
True
Is 10629211 a composite number?
False
Is 3720907 a prime number?
True
Is 75959069 a composite number?
False
Is 52603337 prime?
False
Is 276513481 a prime number?
True
Is 31109129 a composite number?
False
Is 116220157 composite?
False
Is 38789459 prime?
True
Is 28383323 a prime number?
False
Is 894493 a prime number?
False
Is 59227 a prime number?
False
Is 908053 prime?
True
Is 29754719 prime?
False
Is 1790303 composite?
False
Is 14759603 prime?
True
Is 9670811 a prime number?
True
Is 52745309 a composite number?
False
Is 1182158753 prime?
True
Is 129578069 composite?
False
Is 721397 a composite number?
False
Is 1492511 a prime number?
True
Is 4166707 a composite number?
True
Is 342181 prime?
False
Is 393493 a prime number?
False
Is 66840899 composite?
True
Is 4043069 a prime number?
False
Is 674516201 prime?
False
Is 3013783 a prime number?
True
Is 16409639 composite?
False
Is 9838679 prime?
True
Is 868537 a prime number?
True
Is 4430771 composite?
False
Is 30676739 a prime number?
True
Is 5794463 composite?
True
Is 6262895 prime?
False
Is 2285059 a composite number?
True
Is 917869 a composite number?
False
Is 926837 a composite number?
True
Is 1543615 a composite number?
True
Is 13769443 a prime number?
False
Is 16104787 prime?
True
Is 38315843 a prime number?
True
Is 215539 composite?
True
Is 2728871 prime?
False
Is 1899698 prime?
False
Is 218705857 prime?
False
Is 54969203 composite?
False
Is 1410613 a composite number?
True
Is 18539399 composite?
False
Is 28900937 a prime number?
False
Is 636613 composite?
False
Is 4452873 prime?
False
Is 14158 a prime number?
False
Is 7232387 prime?
False
Is 34835443 a prime number?
True
Is 19852633 prime?
False
Is 72798641 a composite number?
True
Is 822183 composite?
True
Is 2581955 prime?
False
Is 8112269 composite?
True
Is 2624309 a prime number?
True
Is 55258609 composite?
True
Is 38091149 prime?
False
Is 79872539 a composite number?
False
Is 255788527 a prime number?
False
Is 3012965 prime?
False
Is 31463681 a composite number?
False
Is 28121711 composite?
True
Is 30146969 prime?
False
Is 87022231 prime?
True
Is 45344291 a composite number?
True
Is 3979247 a composite number?
False
Is 200477927 a composite number?
True
Is 6246703 a prime number?
False
Is 674087 a composite number?
True
Is 3402851 composite?
False
Is 77377913 a prime number?
False
Is 13345169 a prime number?
True
Is 18275181 a prime number?
False
Is 18304301 a composite number?
False
Is 3310037 a prime number?
False
Is 968593 a prime number?
True
Is 6279961 a composite number?
False
Is 18194599 a composite number?
False
Is 2543091 composite?
True
Is 437057 a prime number?
False
Is 34806503 a prime number?
False
Is 115763831 a composite number?
False
Is 10194857 prime?
True
Is 466372451 composite?
False
Is 1069865 prime?
False
Is 60280097 a composite number?
False
Is 5663303 a prime number?
True
Is 3268217 composite?
True
Is 38229614 composite?
True
Is 52961 composite?
True
Is 1147243 composite?
False
Is 32570147 composite?
True
Is 1314409 composite?
False
Is 229487239 a composite number?
True
Is 6760841 composite?
False
Is 10765421 composite?
False
Is 14695831 composite?
True
Is 2962433 a prime number?
False
Is 656534377 a prime number?
True
Is 10275263 prime?
False
Is 10197503 a composite number?
True
Is 8937007 a prime number?
False
Is 634946173 a prime number?
True
Is 739985 composite?
True
Is 8072263 prime?
False
Is 262885057 a prime number?
False
Is 3882227 composite?
False
Is 1623047 a composite number?
False
Is 37093169 a composite number?
True
Is 14443831 a composite number?
False
Is 9847273 a composite number?
False
Is 376926733 a prime number?
False
Is 19576637 composite?
True
Is 9559677 prime?
False
Is 18095403 prime?
False
Is 553207 composite?
False
Is 34649471 a prime number?
True
Is 10111195 a composite number?
True
Is 48266609 a composite number?
False
Is 663299911 prime?
True
Is 236270903 a composite number?
True
Is 207287 a prime number?
True
Is 3764687 composite?
False
Is 224946103 a composite number?
False
Is 109343567 a prime number?
True
Is 30214439 prime?
True
Is 129300571 a composite number?
False
Is 29401913 prime?
True
Is 13371109 composite?
False
Is 81332227 a composite number?
True
Is 17557177 prime?
False
Is 843019 a composite number?
True
Is 27249751 a prime number?
True
Is 4127807 a prime number?
False
Is 10419557 prime?
True
Is 74115139 composite?
True
Is 45828997 composite?
False
Is 104149949 composite?
False
Is 11606249 composite?
False
Is 2878679 a composite number?
False
Is 280393907 composite?
False
Is 3450607 a prime number?
True
Is 157936127 a prime number?
True
Is 97219 prime?
False
Is 196680163 a prime number?
False
Is 5678887 prime?
False
Is 143274631 a prime number?
True
Is 9245917 a composite number?
True
Is 4331267 a prime number?
True
Is 378199 composite?
True
Is 868199 a composite number?
False
Is 673956271 composite?
False
Is 7958371 prime?
True
Is 18392483 a composite number?
True
Is 636330047 prime?
True
Is 25338673 composite?
True
Is 10362745 a composite number?
True
Is 523878701 a prime number?
True
Is 834209119 a prime number?
False
Is 385387 a composite number?
True
Is 5611169 a prime number?
True
Is 4320929 prime?
True
Is 53858093 a prime number?
False
Is 3741859 a prime number?
False
Is 91823659 prime?
False
Is 12146447 a composite number?
True
Is 417051983 a prime number?
False
Is 12035761 prime?
True
Is 201574 a composite number?
True
Is 245383 a composite number?
False
Is 412415 prime?
False
Is 351175757 a prime number?
True
Is 12665987 a composite number?
False
Is 7624945 composite?
True
Is 5235437 a composite number?
False
Is 103973657 a composite number?
True
Is 8447811 a prime number?
False
Is 5694935 composite?
True
Is 170095535 a composite number?
True
Is 172471015 composite?
True
Is 4936478 a prime number?
False
Is 4351187 a prime number?
True
Is 93358873 composite?
True
Is 3225617 a prime number?
False
Is 136472449 prime?
True
Is 257165159 a composite number?
False
Is 41675617 a composite number?
False
Is 6158512